w. What is the thousands digit of s?
1
Let y(f) = 8102*f**2 + 4*f. What is the tens digit of y(-1)?
9
Let m = 112786 + -66041. What is the tens digit of m?
4
Let c(a) = -a**2 - 24*a + 7707. What is the thousands digit of c(0)?
7
Suppose 315 = o + 2*q - q, q = -4*o + 1251. Suppose 2*x - 4*t + 158 = -o, -t + 239 = -x. Let s = x - -476. What is the hundreds digit of s?
2
Let t = -3125 + 6187. What is the thousands digit of t?
3
Suppose 4*f - 383 = 5*m + 152, -m = 5*f + 107. Let j = m - -197. Suppose -w = -j + 2. What is the units digit of w?
8
Let d(g) = -13866*g - 87. What is the ten thousands digit of d(-2)?
2
Suppose -1425*n + 1419*n + 5268 = 0. What is the units digit of n?
8
Suppose 0 = -205*i + 194*i + 31152. Suppose 7*m + i = 12527. What is the tens digit of m?
8
Let d be 15*1*(-4 - 84/(-18)). Suppose 0 = d*c - c + 360. What is the hundreds digit of c/(-25) + 6/15 + 180?
1
Suppose -49 + 220 = -3*p. Let h = p + 119. What is the tens digit of h?
6
Suppose -2*j + 0*d = -2*d - 10, -3*j + 4*d = -18. Suppose j*y - 548 = -q, 2*q + 181 - 452 = -y. What is the tens digit of y?
7
Let a(w) = 26*w - 4. Let l = -98 + 103. Suppose 4*i - 51 = -l*u, i = -11*u + 7*u + 21. What is the tens digit of a(i)?
3
Suppose -12*f = -29*f + 34. Suppose 5*j - 107 - 332 = -2*q, -5*q = -f*j - 1170. What is the units digit of q?
2
Suppose -4*v + 8 = 0, 3*v - 524 - 13 = -3*t. Let y = 324 - t. What is the hundreds digit of y?
1
Let h(j) = 74*j**2 + 439*j + 12677. What is the thousands digit of h(-32)?
4
Let o be ((-2)/6)/(42784/(-8556) - -5). Let b = o - 473. What is the units digit of b?
0
Suppose 4*q = -5*q + 27. What is the tens digit of (-15 - -8)*60/(-14)*q?
9
Let s be 8/44 - 222/11. Let z = 25 + s. Suppose 0 = -z*f + 53 + 92. What is the tens digit of f?
2
Suppose 4*j + 4*y - 100 = 0, -3*y = -j + y + 25. Suppose j*z - 8 = 23*z. Suppose z*i - 16 = 2*i. What is the units digit of i?
8
Let z = 67 - 49. Let t = 14 + z. Suppose -214 = -2*s + t. What is the units digit of s?
3
Let d be (2 - (-6)/(-2))*-169. Let l = d + 49. What is the tens digit of l?
1
Let n = 1304 - -9139. What is the units digit of n?
3
Let m = 44 + -80. Let y = 36 + m. Suppose y = -l + 6 + 29. What is the tens digit of l?
3
Let j = 131 + -46. Suppose -l - 20 = -2*b, b + j = -5*l - 70. Let h = 37 + l. What is the units digit of h?
7
Suppose 3*i + 2*o - 67425 = 0, 4*i - 63258 = -3*o + 26643. What is the hundreds digit of i?
4
Let p = 138017 + -97172. What is the units digit of p?
5
Suppose -28985 - 108451 = -39*s. What is the units digit of s?
4
Let c(b) = 5*b**3 + 51*b**2 + 28*b + 11. What is the hundreds digit of c(17)?
7
Let c = 7 - -11. Suppose -c = -4*f + 13*f. What is the tens digit of (-1*15 - -2)*f?
2
Suppose 4*b - 3*b = 5*m - 87, 4*m + 3*b - 62 = 0. Suppose 1048 - 15719 = -m*z. What is the hundreds digit of z?
8
Let y(z) = z**2 - 36*z + 271. What is the units digit of y(85)?
6
Let x = -18926 - -33618. What is the hundreds digit of x?
6
Let a = 392 - 335. Suppose -78 = -3*z + b, a = -5*z + 7*z + b. What is the units digit of z?
7
What is the units digit of 497328/(11 - -2) - -2?
8
Let z be -4 + 31 + (-3)/3. Let l = 35 - z. Suppose 12*g - 180 = l*g. What is the units digit of g?
0
Suppose 3*h = -9, s - 181 = -0*h + 3*h. Let r = 731 + s. What is the hundreds digit of r?
9
Let w = 102 - 98. Suppose -512 = -w*m + 1200. What is the hundreds digit of (-8 - -7)/((-2)/m)?
2
Suppose -47694 = -5*q - 4*r, -3*q - 6*r = -5*r - 28608. What is the thousands digit of q?
9
Suppose -195300 = 11*t - 108*t - 27*t. What is the tens digit of t?
7
Let n = -51 + 53. Suppose -n*s - 8 + 2 = 0, -3*s = -t + 133. What is the hundreds digit of t?
1
Let d be (-13)/39*(-4 + -5). Suppose -i - d*z = 81 - 575, -2*z - 1028 = -2*i. What is the tens digit of i?
0
Let t = -98 - -103. Suppose -4*w + 3507 = -1317. Suppose j - w = -t*j. What is the tens digit of j?
0
Let o be 6/(-5)*3/(-24)*-20. Let v(h) = -124*h + 6. What is the tens digit of v(o)?
7
Let a = -626 - -294. What is the units digit of (-12)/(-21) - (0 + a/7)?
8
Let p = -156 - -1285. What is the units digit of p?
9
Suppose t + 6 = 4*n, -3*n - 11 - 2 = -2*t. Let y be (24/(-9))/(t/(-231)). Suppose -y = -4*h + 4*r, h + 3*h - 3*r - 46 = 0. What is the units digit of h?
3
Let z = -29690 + 59905. What is the units digit of z?
5
Let z(u) = -u - 4. Let m be z(-6). Suppose -c + 1314 = 4*c + m*q, -4*q = -8. Suppose -c = -9*g - 10. What is the units digit of g?
8
Suppose -3*h + h + 2*b + 19280 = 0, -3*h + b = -28930. What is the units digit of h?
5
What is the tens digit of 8 - (19492 - -4 - -11)*-3?
2
What is the tens digit of (-4)/5 + (-49)/((-735)/17922)?
9
Suppose v - 8 = -3*t - 1, -5*v = 3*t + 1. Let i(h) = 8 - h + 25 - 4 - t. What is the units digit of i(-7)?
3
Let q(w) = 82*w**3 + w**2 + 2*w - 2. Suppose 0 = 2*l - 0 + 16. Let o be (-22)/(-18) + l/36. What is the units digit of q(o)?
3
Let u(v) = -10*v**3 - 14*v - 37 + 4*v**3 - 2*v**2 + 7*v**3 - 14*v**2. Let w be u(17). What is the tens digit of 28/3*(-133)/w*-3?
6
Let g be 4 + (0 - -88*1). Let j = 105 + g. What is the tens digit of j?
9
What is the units digit of ((-5224)/5)/((-2274)/(-60) - 38)?
8
Let w = 99850 + -20837. What is the units digit of w?
3
Let g = 302 - 261. What is the units digit of (g + -6)/(-1 + 2)?
5
Let f be 10 + (-4 + 2 - -2). Let y be (12/(-20))/((-1)/f). What is the units digit of 1/(-3) + 146/y?
4
Let l(t) = t**2 + 7*t + 18. Let p be l(-4). Suppose -2*b - p = 0, -2*b + 204 + 1285 = 5*h. What is the hundreds digit of h?
2
Let t(z) = z**3 - 22*z**2 + 14*z + 16. Let m be t(12). Let k = 2285 + m. What is the hundreds digit of k?
0
Suppose -19*t = 6431 + 3335. Let y = -509 - -269. Let h = y - t. What is the hundreds digit of h?
2
Let s be (-6 - -7 - (107 + -1)) + 2. Let k = s + 596. What is the tens digit of k?
9
Let o be 6975/12 - (-2)/(-8). Suppose 0 = -f - 2*i + o, -7*f - 3*i = -2*f - 2926. What is the units digit of f?
7
Suppose -5*f + 8 = 3*c, 0 = f - 0*f - c - 8. Let k(w) = 34*w + 99. What is the hundreds digit of k(f)?
2
Let h = -165 + 169. Let d(p) = 105*p - 32. What is the hundreds digit of d(h)?
3
Let b(t) = 15*t**3 - t**2 + 2*t. Let q be b(1). What is the tens digit of 4/q*1 - (-758)/8?
9
What is the thousands digit of 12 - (62/(-124))/((-2)/(-201132))?
0
Let x be (5 + -2)/(-2 - 3/(-3)). Let t be 33/(-11)*2/x. Suppose 3*f = 4*f - 1, 3*v = t*f + 121. What is the tens digit of v?
4
Suppose -406 = 2*i + 2*x - 2350, 0 = -i + 5*x + 960. Suppose -2*y + 0*n = -2*n - i, -2*n = -y + 485. Suppose 5*o - 385 = y. What is the hundreds digit of o?
1
Let i = -187 + 241. Suppose 0 = i*j - 31350 - 16764. What is the units digit of j?
1
Let s(f) = 21*f**2 - 117*f - 145. What is the tens digit of s(36)?
5
Suppose -n + 7*k - 7 = 4*k, -5*k + 23 = 4*n. Let b(t) = -303*t - 27. Let x(z) = -101*z - 9. Let w(q) = -6*b(q) + 17*x(q). What is the tens digit of w(n)?
1
Let w(j) = -j - 5. Let y be w(-8). Suppose 3*q - y*b - 21 = 0, -4*b - 4 - 8 = 0. Suppose -4*f + 7*f - q*n = 205, -5*n + 62 = f. What is the units digit of f?
7
Let n(z) = 28*z**3 + 18*z**2 - 81*z + 21. What is the thousands digit of n(6)?
6
Let t be -184 - (1/1 - 6). Let r = 463 + t. What is the tens digit of r?
8
Let d = -409 + 533. What is the units digit of (-4)/(-16) - d/48*-3?
8
Let q be (18/4)/(39/(-52)). Let b be 3/(q/11)*-6. Suppose -37*y = -b*y - 660. What is the units digit of y?
5
Let h be 10/(-1*(-12)/(-618)). Let j = 159 - h. What is the units digit of j?
4
Suppose 2*f + 20*l = 22*l + 158, -f - 4*l + 54 = 0. Suppose -4*c - f = -6*c. What is the units digit of c?
7
Let p = -50 - -54. Suppose -2*x + 622 = -4*d, -2*x + 909 - 271 = p*d. What is the units digit of x?
5
Let z = 85 - 80. Suppose 0 = -4*j + z*g + 7 - 20, -5*j - 2*g = -25. Suppose j*k = 4*d - 522, -3*d + 6*k = 2*k - 388. What is the hundreds digit of d?
1
Let a be 4/(-8) + (-276)/(-8). Let r = a - -1. What is the tens digit of (1 + r/(-20))*(-2 + -58)?
4
Let b = -152995 - -231230. What is the thousands digit of b?
8
Let t(f) = -f**2 - 6*f - 22 + 0*f**2 + 0*f**2 + 15*f. Let j be t(8). What is the tens digit of 9/(-2)*j*(-24)/(-9)?
6
Suppose 4*g = 3*a - 19, 7 = -2*g - 0*a + a. Suppose 3*f + n = -3779, -7*f + 5*n = 4*f + 13865. What is the tens digit of (g - 3) + f/(-18)?
6
Suppose 6*p - 2446